). Suppose 20 = 4*k - 2*b, 2*k - 16 = 5*b - 6. Give y(k).
12
Let p(t) be the second derivative of -2*t**3/3 - 5*t**2/2 + 2*t. Let z = 16 - 11. Suppose i = -0*r + 5*r + 21, -z*i + r = 15. Calculate p(i).
11
Let w(s) = -4*s + 7. Let d(u) = -5*u + 8. Let l(z) = 5*d(z) - 6*w(z). Let q(o) = 24*o - 4. Let j be q(2). Suppose -5*a + 14 = j. What is l(a)?
4
Let d(u) = -u + 10. Let n = 30 - -12. Let x = n - 35. Calculate d(x).
3
Let t(p) = 405*p - 6 + 4*p**2 - 405*p - p**3 - 12*p**2. Determine t(-8).
-6
Let m(d) be the second derivative of 0 - 1/6*d**4 - 2*d**2 + 0*d**3 + 13*d - 1/20*d**5. Calculate m(-3).
5
Let x(m) = 56*m**2 + 1 - m**3 - 62*m**2 + 3*m + 3*m + 2*m. Calculate x(-7).
-6
Let h(m) = m**2 + 1. Let t be h(2). Suppose 2*c + t*j = 3*j, -2*j = 3*c - 5. Let y(n) = 41*n - 85*n - 12 + 45*n. Give y(c).
-7
Let y(g) = -3*g**3 + 7*g**2 - 17. Let z(d) = d**3 + d**2 + d + 3. Let k(i) = -y(i) - 2*z(i). Calculate k(9).
-7
Let f = -6 - -7. Let i(w) = 4 + 4 - 2 - w - f. Determine i(-5).
10
Let i = 27 - 17. Let t = i - 8. Let w(l) = -300*l + 300*l - 3*l**t + 1. Give w(-1).
-2
Let f(c) = c**2 + 5*c + 2. Let x be (-4)/(-8)*(10 + 6)/(-4). Determine f(x).
-4
Let n(x) = x + 17. Let y = -774 - -762. Calculate n(y).
5
Let d(m) = -7*m**2 + 2*m - 4. Suppose -12 = -3*r - 2*p - p, 0 = 2*r + 4*p - 10. Give d(r).
-61
Let z(u) = -42*u + 107*u - 7 - 4 - 5*u**2 - 15*u**2 + u**3 - 46*u. Give z(19).
-11
Let w be (-1 + (-2)/(-2))/(71/71). Let c be ((-88)/(-16))/11*(-16 + w). Let l(n) = -n**3 - 9*n**2 - 9*n + 2. Calculate l(c).
10
Let n(i) be the second derivative of 0 + 0*i**2 + 4/3*i**3 - 28*i. Determine n(1).
8
Let t(n) = 3*n - 32. Let g be (-1)/(1/7 - 0). Let d be (-3 - 8/(-2)) + g. Let i(y) = -y + 11. Let v(h) = d*t(h) - 17*i(h). What is v(-6)?
11
Let q = -100 - -105. Suppose -9*v - 40 = -q*v. Let k(g) = -g - 13. Give k(v).
-3
Let b(s) be the third derivative of s**4/2 - s**3/3 - 45*s**2 - 2. Calculate b(2).
22
Let x(g) = -g + g**3 + 56*g**2 - 6*g - 6 - 52*g**2. Give x(-4).
22
Let z(h) = -2 + 646*h - h**2 - 638*h + 4. What is z(8)?
2
Let o = -495 + 501. Let h(s) = -s**3 + 8*s**2 - 12*s. Calculate h(o).
0
Let k(h) = -10*h + 3. Let t be (11 - 6)*5/(-25). Calculate k(t).
13
Let b be (-12)/16 + (-7)/28. Let l(z) = 3*z + 3. Determine l(b).
0
Let b(p) = p**2 - 2*p - 3. Suppose 16*h - 4 = 14*h. Suppose -3*j = -4*f + 24, -5*f + h*j = -2*j - 31. Give b(f).
0
Let w(u) be the first derivative of u**4/4 - 3*u**2/2 + 4*u - 230. Determine w(2).
6
Let x(m) = 3*m**3 - 2*m**2 - 58*m - 75. Let p(f) = f**3 - f**2 - 20*f - 26. Let n(o) = 17*p(o) - 6*x(o). Determine n(-6).
-4
Let h be 5/((-15)/(-18)) + -3. Let a(n) = 2*n - n**h - 65 + 5*n**2 + 0*n**2 + 64. Give a(5).
9
Let w(o) = -o - 1. Suppose -18*j + 96 - 24 = 0. What is w(j)?
-5
Let q(m) be the third derivative of -m**4/24 + m**3/6 - 3*m**2. Suppose -4*h + 7 = 23. Let x be h/8*-2 - -2. Determine q(x).
-2
Let o(s) = 2*s**2 + 6*s - 4. Suppose 2*t = -2*t + 16, 3*t = 4*m. Let g(c) = -c**2 + 1. Let u(b) = m*g(b) + o(b). What is u(7)?
-8
Suppose 0 = -5*g - 4 + 49. Let r(p) = -p**2 + 4*p - 2. Determine r(g).
-47
Let u(c) be the third derivative of c**5/60 - c**4/24 - 7*c**3/6 + 2*c**2 - 66. Calculate u(-3).
5
Let q(j) = 4*j. Suppose -11*d + 162 = -5*d. Let y = -70 - -46. Let p = d + y. Calculate q(p).
12
Suppose -11*m = -13*m. Suppose 2*x - 14 = -4. Let z(k) = x*k - 2*k - 4*k + 0*k + 2. Give z(m).
2
Let c(g) = -g**3 + 3*g**2 - 3*g + 1. Let b(m) = 3*m - 38. Let r be b(14). Let t be r/(-6)*(-198)/44. Determine c(t).
-8
Suppose 0 = -x - 2, -2 = 2*h - 2*x - 10. Let z(r) = -r**3 + 403*r + 0*r**h - 406*r - 1 - 3*r**2. Give z(-3).
8
Let c = -22 + 7. Let u be (-20)/(-8)*(-24)/c. Let z(j) = j**2 - 3*j - 5. Give z(u).
-1
Suppose -u = 270 - 275. Let r(a) = -a**2 + 4*a - 6. Give r(u).
-11
Let w(f) = 5*f**2 - 4*f - 5. Let d(k) = -14*k**2 + 11*k + 15. Let h(m) = 4*d(m) + 11*w(m). Suppose 19 = i - 5*r, -2*r = -2*i - 3*i + 26. Give h(i).
-11
Let a(t) = -t**3 + 12*t**2 + 11*t + 19. Let w be a(13). Let r(c) = -c**2 - 8*c. Determine r(w).
7
Let z(x) = 8*x - 7. Let y(l) = -l. Let r(t) = -6*y(t) - z(t). Let a(k) = 2*k**3 + 30*k**2 + 4*k + 65. Let f be a(-15). Give r(f).
-3
Suppose 6*b - 4*k = 3*b - 4, 4*b - 5 = -5*k. Let l = 4 + b. Let q(u) = -u**2 + 4*u + 4. What is q(l)?
4
Let z(h) = h**2 - 12*h + 16. Let b(i) = i**2 - 11*i + 15. Let t(q) = 4*b(q) - 3*z(q). Give t(5).
-3
Suppose -6*m - m = 42. Let v(r) = -r**2 - r - 6. Determine v(m).
-36
Suppose -u + 0*i = -4*i - 18, -i - 12 = -u. Suppose -5*h - 2*y = -25, y = 3*y - u. Let v(m) = -1 - 12*m**2 - 3 + h. Calculate v(-1).
-13
Let f = 39 - 29. Let y = f - 16. Let v be (36/(-54))/((-4)/y). Let p(n) = -8*n - 1. Determine p(v).
7
Let t(l) be the second derivative of -5/6*l**3 - 1/12*l**4 + 0 + 2*l**2 + 11*l. Calculate t(-5).
4
Suppose l - 3 = -4*c + 8, 5*c + 4*l = 0. Let f(g) = 2*g**2 + 4*g - 10 - g**3 - 5*g + 5*g**2 + c*g. Give f(7).
11
Let s be ((-5)/4)/((0 - 1)/4). Let c(h) = -4*h + s*h - 2*h - h - 4. Calculate c(-6).
8
Suppose -v = 2*l + 9, -l - 17 - 1 = 5*v. Let g(c) = -3*c**3 - 2*c**2 + 4*c - 1. Give g(v).
50
Let j(z) = z**3 - 3*z + 12. Let o = 1547 + -1547. Calculate j(o).
12
Let w(r) = -3 - 2 - 4*r + 2*r. Let h(x) = 4*x + 9. Let f(j) = 2*h(j) + 5*w(j). What is f(-7)?
7
Let o(s) = -s**3 - s**2 + 2. Suppose 11*u = 8*u + 9. Let q(y) be the second derivative of y**4/12 - y**3/2 + y**2 + y. Let v be q(u). Calculate o(v).
-10
Suppose -14 = 3*j - j. Let h(t) = -11*t**2 + 67*t + 17. Let n(d) = -3*d**2 + 20*d + 5. Let x(s) = -2*h(s) + 7*n(s). Calculate x(j).
8
Let k(g) = 3*g**2 + 392*g**3 - 7*g + 837 - 391*g**3 - 850. Give k(-3).
8
Let d(m) = 6*m**3 - 2*m**2 - 15*m - 33. Let z(h) = h**3 - 3*h - 6. Let s(u) = 2*d(u) - 11*z(u). What is s(4)?
12
Suppose a = -d + 4, -1 = -4*d + 2*a - 3. Let z(b) be the first derivative of 4*b**3/3 + b**2 - b - 788. Determine z(d).
5
Let m(i) = -i**3 + 27*i**2 - 36*i - 4. Let k be m(25). Let r(a) = 0*a - k*a**2 - 6*a + 0*a + 345*a**2 - 3. Determine r(-6).
-3
Let v(b) be the first derivative of b**3/2 - 7*b**2/2 + 8*b + 25. Let m(i) be the first derivative of v(i). Give m(7).
14
Let t(p) = -p**2 + 5*p - 3. Let x = -12 + 10. Let c be 0*-1*x/(-6). Suppose -5*a = -c*a - 20. Give t(a).
1
Let p(u) be the first derivative of -u**4/4 + 2*u**3/3 - u**2/2 - 1. Let d(i) = i**3 - 2*i**2 + 6. Let t be d(0). Suppose -3*w = -t*w + 6. Give p(w).
-2
Suppose -2*l + 0*l = -12. Let i(f) be the second derivative of f**4/24 + 5*f**3/6 + 9*f**2/2 - 39*f. Let a(z) be the first derivative of i(z). Calculate a(l).
11
Let u(w) be the second derivative of -5*w**3/6 + 11*w. Let h(z) = -4*z. Let l(t) = -6*h(t) + 5*u(t). Determine l(3).
-3
Let q(i) = 3*i + 1. Let s(r) = -r**2 - 12*r + 1. Let c(p) = -3*q(p) - s(p). What is c(-4)?
0
Let u be (3 - -3) + -3 - -1. Suppose u*l - 2*v = -26, 0 = -4*l + 3*v - 4*v - 29. Let f(t) = -t**3 - 8*t**2 - 10*t - 5. Give f(l).
16
Let h(s) = -20*s - 2026. Let w be h(-101). Let m(l) = -l - 4. Let a(j) = 2*j + 7. Let y(k) = -2*a(k) - 5*m(k). Determine y(w).
0
Let x(c) = -3*c - 67*c**3 + 4 + 4*c**2 + 34*c**3 + 34*c**3. Determine x(-5).
-6
Let n be (-1 - 6/4)*-2. Let p(o) = 1 - 1 + 0*o**2 - o**2 + 7*o - 6. Calculate p(n).
4
Let b(f) = f**2 + 8*f - 6. Let u = 15 + -11. Let x(o) = o**2 - 7*o + 5. Let i be x(u). Give b(i).
-13
Let b(f) = f - 16. Let c = -51 + 71. Suppose 4*u = 3*u + 4*q + c, 0 = -5*q - 15. Calculate b(u).
-8
Let p(z) = 179*z - 26. Let y(x) = -112*x + 17. Let q(g) = 5*p(g) + 8*y(g). Let k(r) = -r**3 - 6*r**2 - r. Let s be k(-6). Determine q(s).
0
Let x(o) = -o**2 + 9*o - 3. Let d = -41 - -42. Suppose i + d - 10 = 0. Determine x(i).
-3
Suppose 0 = -9*b - 18 + 36. Let q(n) be the second derivative of -n**2 + 1/6*n**3 + 0 + n. Calculate q(b).
0
Let d(f) be the third derivative of 7*f**4/24 + f**2 - 3*f. Give d(1).
7
Let n(t) = t - 2 + 2 - 3. Suppose f + 3 = -9. Let r = f - -12. Give n(r).
-3
Let h(j) = 4*j - 58. Let q be h(-10). Let d = q - -94. Let s(t) = -t**3 - 6*t**2 - 4*t - 6. What is s(d)?
-22
Let c = 7 - 2. Suppose -2 + 24 = -2*y - c*k, 0 = y - 2*k + 2. Let x(u) be the third derivative of u**5/60 + 5*u**4/24 - u**3 + 93*u**2. Determine x(y).
0
Let s(c) = c**2 + c**3 - 11 - 2223*c + 2222*c + 4*c**2. What is s(-5)?
-6
Let a be ((-3)/2)/(9/(-6)). Let d(p) be the second derivative